what is 2 - 7c?
-7a
In base 8, what is 37 - 65?
-26
In base 15, what is -3 + 3a?
37
In base 5, what is 32 - 132?
-100
In base 3, what is 2 + -1200?
-1121
In base 7, what is 115 - -3?
121
In base 14, what is -32c + d?
-31d
In base 16, what is -2b + 132?
107
In base 16, what is -2 + 2e?
2c
In base 8, what is 44 + 374?
440
In base 12, what is 2 - -b?
11
In base 3, what is 0 - -120000?
120000
In base 15, what is 6 + 185?
18b
In base 8, what is -364 + 74?
-270
In base 11, what is a - -43?
52
In base 3, what is -1002 + -2?
-1011
In base 11, what is -1156 - 0?
-1156
In base 3, what is 11012 - 2211?
1101
In base 16, what is -1 - 14b?
-14c
In base 13, what is -4ac0 + -2?
-4ac2
In base 12, what is 523 + -4?
51b
In base 15, what is 3 + 44?
47
In base 16, what is 13e + 4?
142
In base 6, what is 412 - -5?
421
In base 8, what is 3 - -1760?
1763
In base 3, what is -12 - 12222?
-20011
In base 5, what is 30 - 11?
14
In base 8, what is 3 - 76?
-73
In base 10, what is 1661 + 0?
1661
In base 8, what is -171 - -2?
-167
In base 4, what is 3003112 + 2?
3003120
In base 14, what is -c - 21?
-2d
In base 11, what is 2 + 43?
45
In base 8, what is -27 - -1?
-26
In base 8, what is -743 - 0?
-743
In base 12, what is 14 + -11b?
-107
In base 6, what is -111524 - 3?
-111531
In base 9, what is -14 - 18?
-33
In base 16, what is 5 + 5ef?
5f4
In base 7, what is -2 - -112?
110
In base 10, what is -1274 - 5?
-1279
In base 11, what is 121 - 13?
109
In base 7, what is -31 + 146?
115
In base 7, what is -212 + 112?
-100
In base 4, what is 1 + -3012?
-3011
In base 3, what is -1102 + -12001?
-20110
In base 4, what is -21020 - -212?
-20202
In base 12, what is 7 + -5?
2
In base 12, what is 8 - 13?
-7
In base 8, what is -67 + -14?
-103
In base 2, what is 101 + -1011101101?
-1011101000
In base 16, what is -32 + -98?
-ca
In base 3, what is 1001 + 1011000?
1012001
In base 12, what is -199 - 7?
-1a4
In base 13, what is -1 - -619?
618
In base 3, what is 0 + 100101?
100101
In base 11, what is -124 + 3?
-121
In base 2, what is 100010000 - 11?
100001101
In base 12, what is -3 - 247?
-24a
In base 6, what is -31 + 441?
410
In base 11, what is 19 - 43?
-25
In base 16, what is 3d88 + 1?
3d89
In base 3, what is 12 - 2222012?
-2222000
In base 13, what is 22 + 3?
25
In base 6, what is 14414 + 1?
14415
In base 6, what is 54 + -2?
52
In base 8, what is 507 + 7?
516
In base 5, what is 1 + -41?
-40
In base 4, what is -22 - -1013?
331
In base 12, what is 22 + 6?
28
In base 16, what is -5b - 2d?
-88
In base 12, what is 244 - -2?
246
In base 11, what is 69 - 0?
69
In base 15, what is -170 - -7?
-168
In base 15, what is 4 - 172?
-16d
In base 11, what is -278 + 2?
-276
In base 2, what is -10 + 11001?
10111
In base 8, what is -4 + 17?
13
In base 10, what is 184 + -4?
180
In base 16, what is -5 - 460?
-465
In base 5, what is 34012 - -4?
34021
In base 7, what is -6 + -205?
-214
In base 8, what is 1402 - 2?
1400
In base 2, what is -110010011000 + 101?
-110010010011
In base 15, what is 9e - -5?
a4
In base 6, what is -214 - -254?
40
In base 9, what is -215 + 1?
-214
In base 13, what is -202 + -16?
-218
In base 9, what is -1 + 11051?
11050
In base 13, what is 702 - 5?
6ca
In base 16, what is -111 - 7e?
-18f
In base 16, what is 3 + -3d?
-3a
In base 10, what is 1754 + 2?
1756
In base 14, what is 76 + -9?
6b
In base 12, what is 4 - 23?
-1b
In base 2, what is 10000 - -101011001?
101101001
In base 10, what is 35 + 7?
42
In base 8, what is -50 + -2?
-52
In base 14, what is -7dc - -8?
-7d4
In base 5, what is -1124 + -103?
-1232
In base 11, what is 17 - 5?
12
In base 5, what is 1 + 2230?
2231
In base 13, what is 16 - -100?
116
In base 6, what is 2 - 14503?
-14501
In base 8, what is -1120 + 0?
-1120
In base 8, what is 3 - 3734?
-3731
In base 11, what is -294 + -a?
-2a3
In base 8, what is -4 + 5275?
5271
In base 12, what is -10 - 454?
-464
In base 9, what is -5 - 56?
-62
In base 13, what is 3 + 0?
3
In base 4, what is -3011 - 2?
-3013
In base 7, what is 0 + -521?
-521
In base 7, what is 500 - -2?
502
In base 7, what is -111 + 4?
-104
In base 3, what is 1 + -120000?
-112222
In base 9, what is 2557 - 2?
2555
In base 12, what is 4b0 - 5?
4a7
In base 11, what is 4 - 253?
-24a
In base 13, what is -6 - 6b?
-74
In base 14, what is -9 + 12?
7
In base 6, what is 121033 - 2?
121031
In base 11, what is 328 - 5?
323
In base 9, what is 3 + 140?
143
In base 10, what is 5 - 190?
-185
In base 13, what is 2011 - 5?
2009
In base 12, what is -5325 + 3?
-5322
In base 8, what is -122 + 60?
-42
In base 6, what is 2 + 142?
144
In base 4, what is -10 - 202?
-212
In base 11, what is -17 - -24a?
233
In base 13, what is 0 + 71?
71
In base 7, what is 366 - 1?
365
In base 13, what is -2 - 36?
-38
In base 16, what is 21 + 45?
66
In base 7, what is 135 - 46?
56
In base 16, what is cd + -3a?
93
In base 15, what is 6 + 173?
179
In base 10, what is -1 + 1315?
1314
In base 10, what is -3 - -276?
273
In base 12, what is 0 - 65?
-65
In base 14, what is -4 + 3b7?
3b3
In base 11, what is 5 + a2?
a7
In base 15, what is -e - 6?
-15
In base 16, what is -2 + 533?
531
In base 10, what is 21 + -1?
20
In base 7, what is -3 - 23?
-26
In base 14, what is -1 - 89b?
-89c
In base 12, what is -10 + -1082?
-1092
In base 10, what is -4 + -2609?
-2613
In base 7, what is 232 + 1?
233
In base 16, what is -ecd + -5?
-ed2
In base 7, what is 116 - -350?
466
In base 3, what is 12 - -2112122?
2112211
In base 16, what is -263 + 3?
-260
In base 12, what is 50b + 1?
510
In base 7, what is -2 + -1316?
-1321
In base 5, what is -23334 + 1?
-23333
In base 11, what is a7 - 1?
a6
In base 4, what is -221 - 2?
-223
In base 3, what is 101 + 1101?
1202
In base 7, what is 5 + -44?
-36
In base 9, what is 2528 + 3?
2532
In base 10, what is 5 + -74?
-69
In base 3, what is -122221 - 1?
-122222
In base 14, what is 1a3 - -60?
223
In base 7, what is 4 - 1136?
-1132
In base 3, what is -1002 + -22110?
-100112
In base 12, what is 75 - -5?
7a
In base 13, what is -2755 - 2?
-2757
In base 13, what is -26 - -15?
-11
In base 12, what is -117 - -5?
-112
In base 14, what is 2b - 0?
2b
In base 7, what is -3 - 152?
-155
In base 15, what is 71b + -5?
716
In base 13, what is -1979 - -4?
-1975
In base 10, what is -3 + -3?
-6
In base 5, what is 10 - 114?
-104
In base 9, what is -1 - 476?
-477
In base 14, what is -3 + -38d?
-392
In base 16, what is -9e5 + -5?
-9ea
In base 15, what is 1c - -52?
6e
In base 14, what is -3 + -8d?
-92
In base 8, what is -3 - 1431?
-1434
In base 3, what is 1010111 + 120?
1011001
In base 11, what is 2a7 + 2?
2a9
In base 10, what is 5 + -903?
-898
In base 15, what is 15 - 3?
12
In base 9, what is -2 - -64?
62
In base 9, what is 582 + 5?
587
In base 2, what is 101 + -110111?
-110010
In base 11, what is 5 - -23?
28
In base 8, what is -1010 - -4?
-1004
In base 12, what is 16b + 0?
16b
In base 12, what is 18 - -8?
24
In base 7, what is -5 + -6621?
-6626
In base 6, what is 12 + 523?
535
In base 13, what is -8 - -8b?
83
In base 15, what is -8 - 103?
-10b
In base 13, what is 0 - 23a?
-23a
In base 8, what is 630 - 3?
625
In base 6, what is -30520 + -5?
-30525
In base 13, what is 18b3 + -2?
18b1
In base 15, what is -62 + 0?
-62
In base 15, what is -5 + 15?
10
In base 14, what is -1ad - -20?
-18d
In base 6, what is 35 + 105?
144
In base 9, what is 1 - 5527?
-5526
In base 5, what is -21 + 323?
302
In base 15, what is a5 - 9?
9b
In base 11, what is -459 + 3?
-456
In base 9, what is 3 + -27?
-24
In base 3, what is 1000 + -2?
221
In base 4, what is 12 - -10102?
10120
In base 2, what is -100001011101 + 10?
-100001011011
In base 6, what is -404 + -20?
-424
In base 7, what is -3621 + 10?
-3611
In base 12, what is a - -13?
21
In base 8, what is -4 - 2727?
-2733
In base 11, what is 20 + -4?
17
In base 16, what is -1 - 21e?
-21f
In base 3, what is -122122 + -11?
-122210
In base 3, what is 1 - 22111?
-22110
In base 9, what is -2617 - 3?
-2621
In base 3, what is -12102120 + -11?
-12102201
In base 7, what is 23654 + -2?
23652
In base 16, what is -48 - f?
-57
In base 10, what is 19 - -3?
22
In base 8, what is 12 + -4?
6
In base 6, what is 210 - 251?
-41
In base 15, what is -30 - 4?
-34
In base 12, what is -125 + 2?
-123
In base 4, what is 22222 - 10?
22212
In base 10, what is -9 + -832?
-841
In base 11, what is -6 - 555?
-